s divided by 544?
492
Calculate the remainder when 20992 is divided by 1311.
16
What is the remainder when 11270 is divided by 174?
134
Calculate the remainder when 31359 is divided by 64.
63
Calculate the remainder when 1998 is divided by 243.
54
What is the remainder when 121490 is divided by 30?
20
Calculate the remainder when 124879 is divided by 211.
178
Calculate the remainder when 7697 is divided by 1924.
1
What is the remainder when 307018 is divided by 258?
256
What is the remainder when 30607 is divided by 253?
247
Calculate the remainder when 155166 is divided by 7053.
0
What is the remainder when 138888 is divided by 21?
15
What is the remainder when 2155746 is divided by 141?
138
What is the remainder when 144101 is divided by 48030?
11
Calculate the remainder when 5189 is divided by 100.
89
Calculate the remainder when 9960 is divided by 11.
5
Calculate the remainder when 1397 is divided by 804.
593
What is the remainder when 7284 is divided by 8?
4
Calculate the remainder when 5194 is divided by 471.
13
What is the remainder when 1155904 is divided by 385298?
10
What is the remainder when 45127 is divided by 45122?
5
Calculate the remainder when 23961 is divided by 42.
21
What is the remainder when 8432 is divided by 208?
112
Calculate the remainder when 7490 is divided by 7300.
190
What is the remainder when 41385 is divided by 900?
885
Calculate the remainder when 153863 is divided by 166.
147
What is the remainder when 6113 is divided by 6092?
21
Calculate the remainder when 5064 is divided by 65.
59
What is the remainder when 1034 is divided by 133?
103
What is the remainder when 108490 is divided by 18075?
40
Calculate the remainder when 141406 is divided by 7.
6
What is the remainder when 96637 is divided by 14?
9
Calculate the remainder when 955939 is divided by 1754.
9
What is the remainder when 82020 is divided by 126?
120
Calculate the remainder when 17902 is divided by 398.
390
What is the remainder when 6100 is divided by 56?
52
What is the remainder when 57900 is divided by 616?
612
What is the remainder when 22853 is divided by 69?
14
Calculate the remainder when 14487 is divided by 7243.
1
Calculate the remainder when 695996 is divided by 696.
692
Calculate the remainder when 126314 is divided by 224.
202
Calculate the remainder when 4469 is divided by 93.
5
What is the remainder when 234048 is divided by 1104?
0
Calculate the remainder when 1176 is divided by 56.
0
What is the remainder when 1049371 is divided by 9?
7
What is the remainder when 149 is divided by 90?
59
What is the remainder when 84651 is divided by 256?
171
Calculate the remainder when 69791 is divided by 727.
726
Calculate the remainder when 254409 is divided by 573.
570
What is the remainder when 237 is divided by 5?
2
Calculate the remainder when 1042509 is divided by 319.
17
Calculate the remainder when 48065 is divided by 48046.
19
What is the remainder when 4419 is divided by 446?
405
What is the remainder when 107231 is divided by 24?
23
Calculate the remainder when 198 is divided by 84.
30
What is the remainder when 290063 is divided by 392?
375
Calculate the remainder when 9673 is divided by 855.
268
Calculate the remainder when 84464 is divided by 12.
8
What is the remainder when 790132 is divided by 13?
5
Calculate the remainder when 1739757 is divided by 660.
657
Calculate the remainder when 84054 is divided by 56.
54
What is the remainder when 3919 is divided by 49?
48
What is the remainder when 726 is divided by 647?
79
Calculate the remainder when 64356 is divided by 102.
96
Calculate the remainder when 415 is divided by 167.
81
What is the remainder when 3665 is divided by 1809?
47
Calculate the remainder when 52001 is divided by 44.
37
What is the remainder when 389 is divided by 79?
73
Calculate the remainder when 51872 is divided by 6.
2
Calculate the remainder when 260337 is divided by 321.
6
What is the remainder when 105849 is divided by 5?
4
What is the remainder when 55436 is divided by 94?
70
What is the remainder when 395297 is divided by 134?
131
Calculate the remainder when 43127 is divided by 14369.
20
Calculate the remainder when 156292 is divided by 17365.
7
Calculate the remainder when 17647 is divided by 156.
19
Calculate the remainder when 25173 is divided by 23.
11
Calculate the remainder when 402388 is divided by 134074.
166
What is the remainder when 2704036 is divided by 31?
30
What is the remainder when 23794 is divided by 7931?
1
Calculate the remainder when 17912 is divided by 2984.
8
Calculate the remainder when 285822 is divided by 581.
551
What is the remainder when 3614 is divided by 39?
26
Calculate the remainder when 184298 is divided by 106.
70
What is the remainder when 322052 is divided by 12?
8
Calculate the remainder when 48824 is divided by 95.
89
What is the remainder when 572952 is divided by 10?
2
What is the remainder when 49058 is divided by 1001?
9
Calculate the remainder when 52395 is divided by 17460.
15
What is the remainder when 2493 is divided by 463?
178
What is the remainder when 356 is divided by 205?
151
Calculate the remainder when 483944 is divided by 232.
224
What is the remainder when 4499 is divided by 239?
197
What is the remainder when 1961 is divided by 344?
241
What is the remainder when 29908 is divided by 197?
161
What is the remainder when 6354 is divided by 34?
30
Calculate the remainder when 3729 is divided by 143.
11
Calculate the remainder when 655796 is divided by 1946.
1940
What is the remainder when 798949 is divided by 399473?
3
Calculate the remainder when 3879 is divided by 173.
73
Calculate the remainder when 12309 is divided by 384.
21
Calculate the remainder when 41838 is divided by 20909.
20
What is the remainder when 9546 is divided by 4594?
358
Calculate the remainder when 51515 is divided by 4669.
156
Calculate the remainder when 11357 is divided by 80.
77
Calculate the remainder when 15796 is divided by 30.
16
Calculate the remainder when 37905 is divided by 96.
81
Calculate the remainder when 8545 is divided by 47.
38
Calculate the remainder when 142506 is divided by 47499.
9
Calculate the remainder when 15108 is divided by 2865.
783
Calculate the remainder when 34407 is divided by 62.
59
Calculate the remainder when 11305 is divided by 1614.
7
What is the remainder when 1084889 is divided by 145?
144
Calculate the remainder when 506 is divided by 186.
134
What is the remainder when 1119 is divided by 211?
64
Calculate the remainder when 2669 is divided by 854.
107
What is the remainder when 11117 is divided by 20?
17
Calculate the remainder when 13942 is divided by 63.
19
Calculate the remainder when 1579 is divided by 108.
67
Calculate the remainder when 3275 is divided by 119.
62
Calculate the remainder when 146 is divided by 49.
48
What is the remainder when 93499 is divided by 159?
7
What is the remainder when 90114 is divided by 19?
16
Calculate the remainder when 6736 is divided by 399.
352
What is the remainder when 49513 is divided by 16490?
43
What is the remainder when 58657 is divided by 278?
277
Calculate the remainder when 6508 is divided by 3147.
214
What is the remainder when 51321 is divided by 7309?
158
Calculate the remainder when 225686 is divided by 29.
8
What is the remainder when 33515 is divided by 37?
30
Calculate the remainder when 17795 is divided by 5919.
38
Calculate the remainder when 453711 is divided by 10.
1
What is the remainder when 832518 is divided by 238?
232
What is the remainder when 4295 is divided by 123?
113
What is the remainder when 757 is divided by 261?
235
Calculate the remainder when 2241 is divided by 734.
39
Calculate the remainder when 2343 is divided by 438.
153
What is the remainder when 37401 is divided by 30?
21
Calculate the remainder when 111262 is divided by 38.
36
What is the remainder when 308290 is divided by 154143?
4
Calculate the remainder when 982714 is divided by 18.
4
What is the remainder when 114896 is divided by 157?
129
Calculate the remainder when 67334 is divided by 54.
50
Calculate the remainder when 166529 is divided by 184.
9
What is the remainder when 13044 is divided by 6513?
18
What is the remainder when 144306 is divided by 34?
10
What is the remainder when 28648 i